 5*l + 8. What is the remainder when t(-7) is divided by c?
13
Let n = 516 - 504. What is the remainder when n is divided by 8?
4
Suppose 4*f - 40 = -5*w, -f - f = -5*w + 10. Suppose -4*y = r - 75, -4*r + 6 = -w*y + 86. What is the remainder when 51 is divided by y?
13
Let r be 27/(-18)*(1 - -3). Let b(v) = -v**3 - 5*v**2 + 5*v - 1. Let o be b(r). Suppose -o*d + 8*d - 39 = 0. Calculate the remainder when 37 is divided by d.
11
Let t(x) = -2*x**2 + 72*x + 34. What is the remainder when 197 is divided by t(36)?
27
Suppose 2*n = 22*n - 990 - 650. Suppose 5*v + 2*m = 103, -3*v = m + 2*m - 60. Calculate the remainder when n is divided by v.
19
Let c(y) = 38*y**2. Let n be c(1). Let i = -33 + n. Calculate the remainder when 14 is divided by i.
4
Suppose -3*n + 46 = -269. Calculate the remainder when n is divided by 53.
52
Let u = 61 + -58. Suppose 0 = -2*o + 3*n + 49, -5*o - n = -u*n - 95. What is the remainder when 57 is divided by o?
6
Suppose j = -4, -i + 0*i - 4*j = 126. Let t = 125 + i. What is the remainder when 56 is divided by t?
11
Let q(j) = -127*j**3 - j**2 + 2*j + 4. Calculate the remainder when q(-1) is divided by 17.
9
Suppose 4*f - s = -1 + 13, 2*f = -2*s - 4. Suppose 0 = -3*r - 2*p + 92, f*p = -3*r + 4*r - 28. Calculate the remainder when r is divided by 13.
4
Suppose -2 = 4*h - 2*t, -4*t + 5*t = -3. Let o(i) = -3*i**3 - 2*i**2 + 4*i + 5. Calculate the remainder when 116 is divided by o(h).
12
Suppose -4*j + 120 = -4*d, j = -2*j - 5*d + 58. Calculate the remainder when 43 is divided by j.
17
Calculate the remainder when (2 - (-61)/(-6))*-18 is divided by 51.
45
Let r(w) = -w**3 - 6*w**2 + 3*w - 75. Calculate the remainder when 83 is divided by r(-8).
25
Let j(q) = 19*q + 4. Suppose 0 = -5*s + 5*z, -4*z = 5*s - 23 + 5. Suppose -i = -4*o - 15 - 10, -s*i + 43 = -o. What is the remainder when j(4) is divided by i?
17
Let p(v) = 2*v**2 + 4*v + 5. Let f(m) = 8*m**2 - 25*m - 17. Calculate the remainder when p(-4) is divided by f(4).
10
Let s(q) = q**2 + 9*q - 9. Calculate the remainder when s(2) is divided by 9.
4
What is the remainder when (54/(-15))/(13/(-910)) is divided by 33?
21
Suppose -24*h = -1504 - 704. What is the remainder when h is divided by 12?
8
Let h(f) be the first derivative of -f**2/2 + 7*f + 1. Let k be h(3). Suppose k*u + u = 290. Calculate the remainder when u is divided by 15.
13
What is the remainder when (-318 + 313)*-33*(-24)/(-5) is divided by 57?
51
Suppose 547 = 5*h + 3*o, -99 = -h + 5*o - 12. Suppose 0 = 2*v + 7 - h. What is the remainder when v is divided by 17?
16
Let m(w) = w**3 - 19*w**2 - 22*w + 43. Let y(n) = n**3 - n. Let t be y(-1). Suppose t*h - 76 = -4*h. What is the remainder when h is divided by m(20)?
1
Suppose -2*j - 4*a + 268 = 0, -2*a = 4*j - a - 501. Let o = 182 - j. Calculate the remainder when o is divided by 10.
8
What is the remainder when (10/25)/((-24)/(-10020)) is divided by 57?
53
Suppose 0 = 12*t - 9*t - 5*d - 492, -2*d - 820 = -5*t. Calculate the remainder when 3*(-3)/(-6)*t/6 is divided by 15.
11
Let m(q) = 2*q**2 - q + 1. Let g(r) = r**2 - 11*r - 4. Let i be g(11). Let p be (-1)/((-13)/3 - i). What is the remainder when 63 is divided by m(p)?
15
Let k(y) = -y + 169. Calculate the remainder when k(9) is divided by 23.
22
Suppose 0 = -2*s - 452 + 3212. Suppose 20 + s = 5*d. Suppose -l = 3*l - d. Calculate the remainder when l is divided by 18.
16
Suppose 32*n = 34*n - 26. Calculate the remainder when 30 is divided by n.
4
Suppose o = 3*s + 58, 4*s = 4*o - 314 + 74. Calculate the remainder when 237 is divided by o.
54
Let l = -61 - -64. Suppose 0 = x - 5*z - 101, -l*z - 442 = -3*x - 139. Calculate the remainder when x is divided by (-207)/(-6) - 2/4.
33
Calculate the remainder when (101 - 3) + -1 + (-24)/(-8) is divided by 27.
19
Let z = -20 + 29. Calculate the remainder when (-71)/(-2) - z/(-6) is divided by 15 - 2 - (-2 + 5).
7
Suppose 4*d = 0, 3*d - 992 = -2*r - 246. What is the remainder when r is divided by 22?
21
Let q = -86 - -66. Let g be 1/(1 + 15/(-14)). Let x = g - q. What is the remainder when 10 is divided by x?
4
Let i(v) = v**2 - 2. Let d be i(-2). Suppose -u + d = -2. Suppose -7*k + 1 + 48 = 0. Calculate the remainder when k is divided by u.
3
Let l(g) = 0 - 4 + 0*g + 2*g + 1. Let f be l(3). Suppose -2*a = 2*v - 20, -v + 13 = f*a - 15. What is the remainder when 15 is divided by a?
6
Suppose 3*c - 143 = -4*h, -3*c + 29 = -0*h + h. What is the remainder when 263 is divided by h?
35
Let c = -16 + 60. Let l(m) = 2*m + 9. Let j = -21 + 24. Calculate the remainder when c is divided by l(j).
14
Let z = -7 + 9. Suppose -5*t - 21 = -3*d, -z*t + 3*t = -3*d + 39. Let c = d - -1. What is the remainder when 23 is divided by c?
10
Suppose -35*i + 63 = -182. What is the remainder when 292 is divided by i?
5
What is the remainder when 12 is divided by (5 + -3)/(1/2*1)?
0
Let p be (-2)/(-2) + (-4)/((-8)/(-30)). What is the remainder when 141 is divided by (-108)/p*((-490)/15)/(-7)?
33
Suppose -2*x + 48 = -2*f, 3*f = 4*f + 1. What is the remainder when x is divided by 12?
11
Let p(y) = 8*y - 15. Let j(v) = 4*v - 7. Let r(k) = -7*j(k) + 4*p(k). Let o be r(5). Suppose 7*w + 22 = o*w. Calculate the remainder when 21 is divided by w.
10
Let f = 0 + 2. Suppose 3 = c - f. Let t = 539 - 522. What is the remainder when t is divided by c?
2
Let s = 1 + 9. Suppose -b - s = -3*b. Calculate the remainder when 9 is divided by b.
4
Suppose -124 = 3*c - 31. Let y = 52 + c. What is the remainder when y is divided by 13?
8
Let p be 6/21 - 115/35. What is the remainder when (7 - -4)*6 - p is divided by 24?
21
Suppose 0 = 4*k - 29 - 15. Let a(o) = o + 17. Let y = -2 + -8. Calculate the remainder when k is divided by a(y).
4
Calculate the remainder when 3 + (2 - -2 - -61) + 1 is divided by 8.
5
Let h = 4 - -41. Suppose 0 = y + 2*l - 13, 0 = -4*y + l + 96 - 17. What is the remainder when h is divided by y?
7
Let c = -81 + 84. Suppose -5*d + 0 - 15 = 2*g, 0 = c*g + 2*d - 5. Calculate the remainder when 6 is divided by g.
1
Let m(d) = 8*d + 6. Let g be (21/6 - 3)*62. Suppose a - 3*u = g, 0*u + 4*u + 68 = 3*a. What is the remainder when m(5) is divided by a?
14
Suppose -j = -1 - 7. Let r = 7 + 15. Let k = r - 19. Calculate the remainder when j is divided by k.
2
Suppose 0 = 7*o - 32*o + 31 + 444. Calculate the remainder when o is divided by 4/(-6) + (-70)/(-6).
8
Let r be (-60)/(-9) - 8/(-6). Suppose -3*s = 5*v + 2, -3*v + 26 = s - r*v. What is the remainder when 9 is divided by s?
3
Suppose 3*o + 2*o + v - 495 = 0, -5*v - 396 = -4*o. Calculate the remainder when o is divided by 56.
43
Let c(j) = -j**3 - 28*j**2 + 58*j - 35. Let l = -100 - -70. Calculate the remainder when 96 is divided by c(l).
21
Suppose -2 = 2*k, m + 5*k = 4*k. Suppose -41 = -o + 3*p, -4 - m = p. Let b = o - 13. What is the remainder when 23 is divided by b?
10
Suppose -9*c - 81*c = -5220. What is the remainder when c is divided by 39?
19
Suppose 3*s = 1340 - 875. What is the remainder when s is divided by 10?
5
Let c(l) = -980*l**3 - 7*l - 8. Let j be c(-1). Suppose -2*r + j = 9*r. What is the remainder when r is divided by 31?
27
Suppose -421*b = -425*b + 76. Calculate the remainder when 303 is divided by b.
18
Suppose 4*a - 218 = -2*t, 8*t - 11*t = -3*a - 345. Calculate the remainder when t is divided by 84.
29
Suppose 2*u + 3*f = 6, 2*u - f = -0 - 2. Let c be u + (41 - (-3)/1). Suppose c = 2*j - 70. What is the remainder when j is divided by 15?
12
Let h = 301 + -271. Calculate the remainder when 81 is divided by h.
21
Let w(m) = 2*m**3 - 18*m**2 + 2*m + 14. Calculate the remainder when w(9) is divided by 5.
2
Let h be (-20)/12 - (-2)/3. Let x be -4 + 6 + 0/h. Calculate the remainder when 32 is divided by 3 + -2 + x - -14.
15
Let x = 2 - 7. Let m(b) = -b**2 - 8*b - 12. Let c be m(x). Calculate the remainder when 3 is divided by ((-2)/c)/(3/(-9)).
1
Calculate the remainder when 52 is divided by (1 - 92/8)/((-3)/4).
10
Let y(r) = -2*r**3 - r - 2. Let w be y(-3). Let i(d) = 43*d**2 - 16*d + 14. What is the remainder when i(1) is divided by 1/4 + w/4?
13
Let d = -157 + 165. What is the remainder when 95 is divided by d?
7
Let k = -53 - -115. Suppose -2*b + 326 - k = 0. Calculate the remainder when b is divided by 34.
30
Suppose 6*h = 7